
False
Is 72 a factor of 119592?
True
Does 405 divide 466560?
True
Is 6 a factor of 2231964?
True
Is 2683824 a multiple of 22?
True
Is 105 a factor of 142590?
True
Is 72270 a multiple of 99?
True
Is 31 a factor of 92247?
False
Does 38 divide 2348970?
True
Does 135 divide 492133?
False
Is 12 a factor of 4997246?
False
Does 88 divide 28246768?
True
Is 1101660 a multiple of 258?
True
Does 3 divide 1189?
False
Is 2386749 a multiple of 13?
False
Does 3 divide 179322?
True
Does 27 divide 4489186?
False
Does 5 divide 1275?
True
Is 3465660 a multiple of 708?
True
Is 406 a factor of 958160?
True
Is 27113076 a multiple of 724?
True
Does 10 divide 780693?
False
Does 49 divide 312816?
True
Is 5 a factor of 115665?
True
Is 24 a factor of 185674?
False
Is 209832 a multiple of 14?
True
Is 43400 a multiple of 155?
True
Does 18 divide 987346?
False
Does 40 divide 1132316?
False
Does 162 divide 14299?
False
Is 373 a factor of 68343?
False
Does 565 divide 426010?
True
Does 299 divide 87903?
False
Is 6871024 a multiple of 752?
True
Does 34 divide 4084964?
True
Does 78 divide 185874?
True
Is 2 a factor of 2395155?
False
Is 20 a factor of 87480?
True
Is 125249 a multiple of 27?
False
Is 2646994 a multiple of 25?
False
Is 9576372 a multiple of 68?
True
Is 34 a factor of 23596?
True
Does 530 divide 19056680?
True
Is 62810 a multiple of 11?
True
Is 13481226 a multiple of 33?
True
Is 160 a factor of 33760?
True
Is 162 a factor of 830412?
True
Is 21 a factor of 769549?
False
Is 19 a factor of 131101?
False
Does 8 divide 352808?
True
Is 184 a factor of 592480?
True
Does 29 divide 68411?
True
Is 15010710 a multiple of 110?
True
Is 672888 a multiple of 69?
True
Is 11 a factor of 11661372?
False
Is 197 a factor of 1493654?
True
Is 192 a factor of 2429689?
False
Is 2062 a multiple of 2?
True
Is 65 a factor of 48100?
True
Is 1060197 a multiple of 22?
False
Is 39 a factor of 36075?
True
Is 59735 even?
False
Is 1076 a factor of 9593616?
True
Is 25 a factor of 220425?
True
Is 233345 a multiple of 16?
False
Is 3888623 a multiple of 4?
False
Does 125 divide 62625?
True
Does 27 divide 312471?
True
Is 2 a factor of 107298?
True
Is 13 a factor of 105937?
True
Is 12487247 a multiple of 151?
True
Is 24 a factor of 1351368?
True
Does 15 divide 904710?
True
Is 9525714 a multiple of 33?
True
Is 1791647 a multiple of 13?
True
Is 8 a factor of 114798?
False
Is 190 a factor of 524043?
False
Is 11 a factor of 439208?
True
Is 5 a factor of 13379?
False
Does 61 divide 220198?
False
Is 662592 a multiple of 22?
False
Does 27 divide 9039465?
True
Does 92 divide 14097344?
True
Does 351 divide 896573?
False
Does 10 divide 211833?
False
Does 30 divide 687542?
False
Does 6 divide 2993698?
False
Is 619 a factor of 4605978?
False
Does 330 divide 971621?
False
Is 124236 a multiple of 153?
True
Is 65417 a multiple of 86?
False
Is 97 a factor of 22513?
False
Does 47 divide 168681?
False
Does 13 divide 14597518?
True
Does 5 divide 63435?
True
Is 62 a factor of 1001734?
True
Does 145 divide 530237?
False
Is 163940 a multiple of 177?
False
Is 185652 a multiple of 36?
True
Is 4142476 a multiple of 134?
True
Is 19 a factor of 3655056?
False
Is 463 a factor of 1861402?
False
Does 367 divide 242557?
False
Is 9 a factor of 2648144?
False
Is 41 a factor of 947848?
False
Does 13 divide 14041296?
False
Is 82 a factor of 111602?
True
Is 104 a factor of 68940?
False
Is 130731 a multiple of 68?
False
Is 82654 a multiple of 187?
True
Does 543 divide 2464979?
False
Is 811324 a multiple of 43?
True
Is 116 a factor of 153468?
True
Does 220 divide 5060880?
True
Is 92693 a multiple of 200?
False
Is 459096 a multiple of 94?
True
Does 17 divide 2904552?
True
Is 165781 a multiple of 72?
False
Is 115 a factor of 4957650?
True
Is 90 a factor of 14059530?
True
Is 9924822 a multiple of 183?
True
Is 167 a factor of 295774?
False
Is 162 a factor of 44064?
True
Does 122 divide 278160?
True
Does 156 divide 355041?
False
Does 66 divide 2370786?
True
Is 90645 a multiple of 12?
False
Is 57134 a multiple of 54?
False
Is 457858 a multiple of 393?
False
Does 80 divide 51200?
True
Does 14 divide 2393115?
False
Is 7 a factor of 764740?
False
Is 134 a factor of 1448767?
False
Does 1488 divide 8725632?
True
Is 523 a factor of 138072?
True
Is 7848900 a multiple of 306?
True
Is 3 a factor of 20385?
True
Is 30 a factor of 14563?
False
Does 39 divide 654610?
False
Does 54 divide 8780576?
False
Is 1272907 a multiple of 8?
False
Is 294146 a multiple of 13?
False
Is 44 a factor of 2024?
True
Is 11374 a multiple of 121?
True
Does 16 divide 153424?
True
Does 332 divide 4059012?
False
Is 176 a factor of 516912?
True
Is 20 a factor of 17760?
True
Is 3279277 a multiple of 71?
True
Does 36 divide 262248?
False
Is 17 a factor of 2422576?
False
Does 102 divide 5477774?
False
Is 168655 a multiple of 85?
False
Is 301644 a multiple of 42?
True
Is 4806 a multiple of 27?
True
Does 8 divide 970373?
False
Is 5069178 a multiple of 591?
False
Is 324457 a multiple of 115?
False
Is 65820 a multiple of 56?
False
Is 931770 a multiple of 609?
True
Is 178 a factor of 144876?
False
Does 102 divide 21420?
True
Is 147 a factor of 8085?
True
Is 1562757 a multiple of 1324?
False
Is 4 a factor of 80730?
False
Is 1057 a factor of 1978372?
False
Does 5 divide 1485?
True
Does 162 divide 703816?
False
Is 881590 a multiple of 10?
True
Is 61 a factor of 13528345?
False
Is 266 a factor of 2334150?
True
Is 7024711 a multiple of 89?
False
Is 46 a factor of 38037?
False
Does 79 divide 84563?
False
Is 455249 a multiple of 241?
True
Is 197702 a multiple of 9?
False
Is 39732 a multiple of 46?
False
Does 96 divide 1241184?
True
Is 126 a factor of 517860?
True
Does 45 divide 331245?
True
Is 980416 a multiple of 14?
False
Does 19 divide 2778047?
True
Does 26 divide 450216?
True
Is 160 a factor of 2884640?
True
Is 13 a factor of 2312921?
True
Does 67 divide 63181?
True
Does 19 divide 3521954?
True
Is 528 a factor of 10492513?
False
Does 8 divide 193557?
False
Does 451 divide 1781631?
False
Does 5 divide 160465?
True
Does 74 divide 29304?
True
Is 18 a factor of 85302?
True
Does 2178 divide 616310?
False
Is 102 a factor of 92612?
False
Does 90 divide 271499?
False
Is 48 a factor of 2792?
False
Is 622 a factor of 12539602?
False
Does 3 divide 2623292?
False
Is 124740 a multiple of 220?
True
Is 17 a factor of 265997?
False
Is 367702 a multiple of 16?
False
Does 631 divide 1016541?
True
Does 210 divide 13949061?
False
Does 6 divide 18703362?
True
Does 279 divide 1206117?
True
Is 55 a factor of 21000481?
False
Is 19978 a multiple of 2?
True
Is 3 a factor of 13992?
True
Is 117669 a multiple of 61?
True
Is 37 a factor of 25715?
True
Is 2676616 a multiple of 17?
True
Does 8 divide 223500?
False
Is 15117600 a multiple of 59?
False
Is 115 a factor of 2065975?
True
Is 212466 a multiple of 34?
True
Is 24 a factor of 7965781?
False
Is 210 a factor of 74340?
True
Is 34 a factor of 2859400?
True
Does 54 divide 31590?
True
Is 199120 a multiple of 262?
True
Is 26 a factor of 455752?
False
Is 407 a factor of 738705?
True
Is 2187353 a multiple of 416?
False
Is 25 a factor of 4133687?
False
Does 2 divide 8887?
False
Is 13 a factor of 22061?
True
Is 32160 a multiple of 60?
True
Is 455 a factor of 87551?
False
Is 476353 a multiple of 149?
True
Is 19 a factor of 4224042?
True
Does 115 divide 858476?
False
Is 8 a factor of 76763?
False
Is 4 a factor of 1818596?
True
Is 20622 a multiple of 7?
True
Is 1332 a factor of 3372624?
True
Is 19 a factor of 173489?
True
Is 64224 a multiple of 18?
True
Is 252609 a multiple of 21?
True
Is 521883 a multiple of 63?
False
Is 538759 a multiple of 1019?
False
Is 4756784 a multiple of 16?
True
Is 19 a factor of 210508?
False
Is 5963490 a multiple of 27?
True
Is 7243512 a multiple of 12?
True
Does 29 divide 12742?
False
Is 36 a factor of 2168424?
True
Is 14 a factor of 4849488?
True
Is 126600 a multiple of 60?
True
Is 2040283 a multiple of 573?
False
Does 10 divide 555578?
False
Is 63 a factor of 870156?
True
Is 295 a multiple of 9?
False
Is 74414 a multiple of 6?
False
Does 26 divide 239594?
False
Is 1160854 a multiple of 98?
False
Is 98 a factor of 2080246?
True
Is 8381984 a multiple of 8?
True
Is 74 a factor of 285201?
False
Does 886 divide 11879488?
True
Does 394 divide 29802042?
Fa